erivative of -7/20*r**5 + 0 + 2/3*r**3 - 1/2*r**2 + 1/3*r**4 - 24*r. List the prime factors of z(-2).
3, 7
Suppose -3*x - t + 80916 = 0, 24*t - 12 = 20*t. What are the prime factors of x?
7, 3853
Let i = 38759 - 16543. List the prime factors of i.
2, 2777
Let n be (12/7 + 0)/((-5)/(-35)). Suppose -5*f - 13 = n. Let d = f - -75. What are the prime factors of d?
2, 5, 7
Suppose 84*w - 91*w - 1953 = 0. Let g = w - -652. What are the prime factors of g?
373
Suppose 4*c + 4*g - 224 = 0, 120*g + 15 = 115*g. Let a be 1 + 0/(-3 - -1). Let t = c + a. What are the prime factors of t?
2, 3, 5
Let j(g) = 6*g + 19. Let w(c) = -18*c - 57. Let z(a) = 8*j(a) + 3*w(a). Let u be z(-12). Let o = u + 52. List the prime factors of o.
3, 5, 7
Suppose 7*w = 6*w - 3*v + 18947, w - 18979 = 5*v. What are the prime factors of w?
18959
Let h(u) = -3*u**2 - 17*u + 20. Let l be h(-6). Let q = l - -5. Suppose 337 - q = 6*g. What are the prime factors of g?
53
Let o = 16959 + -10760. What are the prime factors of o?
6199
Suppose -475*g + 13479753 - 6993639 = -15069386. What are the prime factors of g?
2, 5, 2269
List the prime factors of 9060 + -2 + -13 + 8.
11, 823
Suppose -4*g + 20065 = w, 22*w + 10010 = 2*g + 18*w. List the prime factors of g.
5, 17, 59
Let r be (4/(12/9))/((-12)/(-8)). Suppose 5*a - 7 = -r. Let g(v) = 18*v**3. List the prime factors of g(a).
2, 3
Let v(r) = r**3 - 6*r**2 + 45*r - 71. What are the prime factors of v(19)?
5477
Let w be 30/(-90)*(-1 + 1). Suppose -2*r + r - 1 = -h, 4*r = -4*h + 28. Suppose w = r*s - 44 + 14. List the prime factors of s.
2, 5
Suppose -5*b = -2*b. Suppose -2*k + 7 + 21 = b. List the prime factors of ((-48)/14)/((-2)/k).
2, 3
Suppose 0 = -3*d, 3*p = -2*d + 155 - 32. Let y be 2 + 9/(3 + 0). Suppose -y*m - p = -356. List the prime factors of m.
3, 7
Suppose -3*x + 6 = -9. Suppose -9*f + 251 = -6*f - o, o = -x. List the prime factors of f.
2, 41
Suppose -2*h + 0*h = -8972 - 4292. List the prime factors of h.
2, 829
Suppose 177022 = 35*q - 91043. List the prime factors of q.
3, 23, 37
Suppose 8*d - 3*b + 1595 = 3*d, 1283 = -4*d + b. Suppose -4*o = -s - 662 - 1280, -2*o + 2*s = -974. Let v = o + d. What are the prime factors of v?
163
Let t(a) = a**2 - 11*a - 26. Let w be t(13). Suppose -h = -w*h - 85. Let f = h + -34. What are the prime factors of f?
3, 17
Let u(w) = -w**2 - w + 17. Let q be u(-4). Suppose 0*x - q*y = -2*x + 9, -3*y - 11 = -4*x. Suppose x*m - 370 = 16. List the prime factors of m.
193
Let u(f) = -f**3 + 2*f**2 + 7*f + 7. Let x be u(4). Suppose -10*h + x = -7*h. What are the prime factors of 63/((16/(-6) + 3)/h)?
3, 7
Let b = 25119 - 9459. What are the prime factors of b?
2, 3, 5, 29
Let c = -190 - -185. Let h(d) = 2*d**3 + 5*d**2 + 4*d - 6. Let g(u) = 8*u**3 + 20*u**2 + 15*u - 24. Let k(m) = 2*g(m) - 9*h(m). List the prime factors of k(c).
7, 23
Suppose 3*k + 293*q - 292*q - 22489 = 0, -2*k + 15023 = 5*q. List the prime factors of k.
2, 3, 1249
Let r = -983 + 11869. What are the prime factors of r?
2, 5443
Let m(o) be the second derivative of 28*o**3/3 + 105*o**2/2 - 167*o. What are the prime factors of m(14)?
7, 127
Let v be (1 + -8 + 5)/(4/(-6)). Suppose -2 = -2*a + x + 4, -v*x - 3 = -a. What are the prime factors of 615/(-20)*(-1 - a)?
3, 41
Let g(s) = 3 + 25*s - 26*s - 7. Let r be g(6). List the prime factors of (46/10)/((-2)/r).
23
What are the prime factors of 26511 - (1 - ((-2)/(-8) - 108/(-16)))?
3, 8839
List the prime factors of ((-19)/2 + 9)/((-3)/(-24)) - -3638.
2, 23, 79
Let o = 9623 - 9056. List the prime factors of o.
3, 7
Let s(o) = -13*o + 9*o - 13*o**2 + 15 + o**3 + 2*o + 0*o**3. Let l be s(13). Let n(v) = -v**3 - 9*v**2 + 12*v - 24. List the prime factors of n(l).
2, 43
Let y = 86099 + -53910. List the prime factors of y.
32189
Let p(m) = -6*m - 7. Suppose 11*i - 191 = -15. Suppose -4*d - i = 0, -4*h + 2*d + 2*d - 16 = 0. What are the prime factors of p(h)?
41
Let f(s) = -s**3 + 23*s**2 + 26*s - 59. Let z be f(17). Suppose 5*p - d - z = 0, 11 - 1295 = -3*p - 4*d. What are the prime factors of p?
2, 53
Let k(m) = -m**3 + 21*m**2 - 19*m + 20. Let c be k(20). Suppose 0 = -8*p + c. Suppose -x + 4*h + 133 = 6*h, 4*x + p*h = 544. List the prime factors of x.
3, 47
Suppose -m = -11*m + 650. Suppose -3 = -l, 2*l + 0*l = f - m. Let p = f + 62. List the prime factors of p.
7, 19
Let c(s) = s**2 - s + 251. Let i be c(0). Let l = 172 - i. Let f = l - -140. List the prime factors of f.
61
Let u(j) = -j**3 - 76*j**2 - 266*j - 699. List the prime factors of u(-73).
2, 683
Let i = 373 + 280. Suppose 6*l = 1075 + i. List the prime factors of ((-1)/1)/(-2*3/l).
2, 3
Suppose -5*y - 7555 = -4*z + 3780, -5*z = 3*y - 14215. What are the prime factors of z?
2, 5, 71
Let u(k) = 164*k**2 - 204*k - 2553. List the prime factors of u(-12).
3, 17, 461
Let b(s) = 2395*s - 5. Let o be b(3). Suppose 1493 + o = 7*j. What are the prime factors of j?
3, 7, 59
Suppose 46*a = 48*a + 78. Let b(n) = n**2 + 23*n + 199. What are the prime factors of b(a)?
823
Let f(t) = 4*t - 62. Let v be f(17). Suppose w - v = -0*q - q, -2*q + 2*w = -4. Suppose -q*n + n = -423. List the prime factors of n.
3, 47
Suppose -6*u + 8*u = 4*r - 24, -r - 50 = 3*u. Let w = -123 - -131. List the prime factors of 18/((-24)/u*w/174).
3, 29
Let b(d) = d + 3. Let o = 35 + -33. Suppose f - 14 = -c, 3*f + 4 = -o. List the prime factors of b(c).
19
Suppose 0 = -5*s + 5*p + 30, -5*s - 8 = -2*p - 35. Suppose 5*y - 413 = -o, s*y - 411 = -0*o - 2*o. Suppose -7*x = -6*x - y. What are the prime factors of x?
83
Let a be (-475)/(8 - 3) - 2. Let k = -84 - a. What are the prime factors of (-5 + k - 2)*13?
2, 3, 13
Suppose 0 = 3*i - 5*f - 4698, 5*f = 14*i - 16*i + 3157. What are the prime factors of i?
1571
Suppose -690 = -10*b + 13*b. Let p = -179 - b. List the prime factors of p.
3, 17
Suppose 31*v - 14532 = 27*v - 4*o, -4*v = 2*o - 14526. What are the prime factors of v?
2, 3, 5, 11
List the prime factors of (-56)/16*(10 + -8) - (-81920)/2.
3, 11, 17, 73
Let o = 28 - 38. Let q be (-5166)/45 + 2/o. Let t = 206 + q. List the prime factors of t.
7, 13
Suppose -5*i = -2*p - 15367, -4*i - 4152 = -4*p - 16436. What are the prime factors of i?
3, 5, 41
Suppose 31*g - 36*g + 152 = -l, -3*g + 84 = 3*l. Let q = -28 + g. What are the prime factors of q?
2
Let k = 60 - 54. Let p(b) = b + k*b + 4 - 25. What are the prime factors of p(5)?
2, 7
Let o(r) = -15090*r**3 + 4*r**2 + 3*r - 1. List the prime factors of o(-1).
2, 3, 5, 503
Let y(a) = 9630*a + 1823. List the prime factors of y(2).
29, 727
Let y(l) = -23*l - 6. Let z(x) = 162*x + 45. Let f(j) = 27*y(j) + 4*z(j). What are the prime factors of f(16)?
2, 3, 5
Let p(g) = 26120*g**3 + 2*g**2 - 2*g - 1. What are the prime factors of p(1)?
26119
Let h = 4321 + -1402. Let l = h + -1863. What are the prime factors of l?
2, 3, 11
Let r = 31 - 23. Let m(t) = 2*t**3 - 12*t**2 + 13*t + 9. List the prime factors of m(r).
3, 41
Let u be (-17265)/(-75) + 1/(-10)*2. Let j = u + -29. Suppose 0 = -18*h + 21*h - j. List the prime factors of h.
67
Let f = -17 + 36. Let d = -6072 - -6105. Let r = f + d. List the prime factors of r.
2, 13
Let x(s) = 59*s**2 - 27*s + 139. Let w(c) = -c - 1. Let h(l) = w(l) + x(l). List the prime factors of h(5).
3, 491
Let r(p) = -p**2 - 27*p + 7. Let h be r(-10). Suppose -3*l + h = -132. What are the prime factors of l?
103
Suppose -103 - 2273 = -z. Suppose -64*b = -73*b + z. List the prime factors of b.
2, 3, 11
Let i(y) = 576*y + 487. What are the prime factors of i(7)?
4519
Let c be (-6)/(-2) + (1 - (-496)/8). Suppose 58*p - c*p + 6592 = 0. List the prime factors of p.
2, 103
Suppose -6 = -2*g, -t - 15*g = -12*g - 1771. List the prime factors of t.
2, 881
Suppose 4*n + 223 = 399. Suppose s = -4*f + n, 2*f + 6*s - 32 = 3*s. Suppose 0 = f*w - 1430 + 30. What are the prime factors of w?
2, 5, 7
Suppose -8*b - 248 = -16*b. Let i be (-4)/2 - (-1 + -19). Let o = i + b. What are the prime factors of o?
7
Let l = -67 + 69. Let o = -4 + 11. Suppose l*h = o*h - 245. What are the prime factors of h?
7
Suppose -t + 272 = -3*q, 5*t + 107 = -4*q - 243. Let x = 208 - q. List the prime factors of x/4 + 0 + 6/(-12).
2, 37
Suppose -194 = 2*h + 2*u, 2*u - 3*u + 95 = -h. Let w = h - -201. What are the prime factors of w?
3, 5, 7
Supp